(w). Let s(x) = x**2 - 7*x - 4. Let m be 28/2*1/2. Let f be s(m). Give l(f).
5
Let w be (-2 - -2)/1 + 2. Let c(p) = p - 1. What is c(w)?
1
Suppose -4*s - 3*c + 36 = c, 0 = 3*s - 5*c + 13. Let r(u) = 2 + u**2 + 8*u - 2*u**2 - 3*u. What is r(s)?
6
Let b(u) be the third derivative of u**5/120 + u**3/2 - 2*u**2. Let v(n) be the first derivative of b(n). Calculate v(0).
0
Let j(k) = -5*k**2 + 1 - 2*k + k**2 + 1. Let u be ((-6)/12)/(1/2). Let w(b) = 3*b + 1. Let q be w(u). Give j(q).
-10
Let d be ((-3 + 3)/2)/2. Let j(s) = -s**2 + 2. Let w be j(d). Let z(c) = -7*c - 5 + 3*c**2 + w - 4*c**2. Give z(-6).
3
Let o(g) be the second derivative of -g**5/20 + g**4/2 - g**3/6 + 4*g**2 - 3*g. Let y be o(6). Let q(x) = x**2 + 0*x**2 - y - 1. Determine q(3).
6
Suppose -3*d + 32 = 2. Let b(v) = v**3 + 3*v**2 - 7*v**2 + d*v**2 - 2 - v. Give b(-6).
4
Let o(p) = 6*p**3 + 3 + 4*p**2 - 4*p**3 - p**3 - 4*p. Let x be o(-5). Let r(i) = i**3 + i**2 + i + 2. What is r(x)?
-4
Let x(w) = w**3 - 12*w**2 + 16*w + 1. Let u(q) = 2*q**3 - 25*q**2 + 34*q + 1. Let i(b) = 6*u(b) - 13*x(b). Calculate i(5).
-2
Let f(c) = c**3 + 5*c**2 - 6*c - 6. Let m(x) = x + 3. Let w(u) = -9*u. Let p be w(1). Let h be m(p). Determine f(h).
-6
Let o be (-21)/(-1)*5/(90/6). Let l(v) = v**2 - 3*v - 7. Calculate l(o).
21
Let m(g) = -3*g - 3. Let w(b) = -b - 1. Let k(i) = 3*m(i) - 8*w(i). What is k(-6)?
5
Let k(a) be the first derivative of -3*a**4/2 - a**3/3 - a**2/2 + a - 43. Suppose -5*w + 6 + 14 = 0. Suppose w*v - 3 = 1. Give k(v).
-7
Suppose 4*y - 5 = 3. Let r(v) = 2*v**2 - 2*v**y + 4*v - 3 - 2 - v**2. Calculate r(4).
-5
Suppose 3 = 2*f + a, -f - 21 = -3*f + 5*a. Suppose -6 = -f*u + 3*q, -2*u - u + 12 = 3*q. Let x(d) = -1 + u*d**2 + 0 + d - 1 + d**3. Calculate x(-2).
0
Let d(o) = o**3 - 6*o**2 - 9*o + 9. Let x be (-2 - -3)/(2/14). Give d(x).
-5
Let j = 9271/60 + -309/2. Let v(k) be the third derivative of j*k**6 + 1/3*k**3 + 1/20*k**5 + 0 + 2*k**2 + 1/24*k**4 + 0*k. Determine v(-2).
-4
Let d(u) = 53*u**3 - 6*u**2 - 11*u - 20. Let a(v) = -18*v**3 + 2*v**2 + 4*v + 7. Let t(m) = 17*a(m) + 6*d(m). Let i = -2 + 3. What is t(i)?
11
Let n(x) = 114*x**2 - 3*x - 8 - 3*x - 113*x**2. Calculate n(7).
-1
Let w(o) = -o**2 + 6*o - 11. Let h(d) = -d**2 + 7*d - 10. Let s(a) = 4*h(a) - 3*w(a). What is s(7)?
14
Let s(c) = -c**2. Let j be s(1). Let u(h) = 8*h**3 - 4*h**2 + 4*h - 4. Let b(n) = -9*n**3 + 5*n**2 - 5*n + 5. Let r(z) = -4*b(z) - 5*u(z). Calculate r(j).
4
Let f(r) = -4*r**3 + r**2 + r + 18. Let y(g) = 5*g**3 - g**2 - g - 17. Let z(v) = -4*f(v) - 3*y(v). Calculate z(0).
-21
Let n(y) = -y**2 + 2. Let d(p) = p**3 + p**2 - 3*p - 2. Let h = 7 + -9. Let j be d(h). What is n(j)?
2
Let j(k) = k. Let m be 3/((-6)/(-2)) + -2. Let y be m + (-1)/(3/(-12)). Let n be 0 - (-3 - y/(-3)). Determine j(n).
2
Let f(l) = 4*l - 1. Let k(s) = -s**3 + 5*s**2 - 7*s + 6. Let q be k(4). Let m(n) = -n**3 - 7*n**2 - 5*n + 7. Let y be m(q). Give f(y).
3
Let d(i) = -i**3 - i**2 - i. Let n(x) = -x**3 - x**2 - 2*x - 1. Let o(v) = 2*d(v) - n(v). Suppose -5*c = -9*c - 4. What is o(c)?
1
Suppose 18 = 4*v - v. Let x(h) be the third derivative of -h**4/24 + 5*h**3/6 - 6*h**2. Let q be x(v). Let w(u) = 4*u - 1. What is w(q)?
-5
Let y(m) = m**2 - 3*m - 4. Let n be y(4). Suppose 0 = 3*k - 2*a - 14, 2*k - 7 + 0 = -a. Let c(t) = k*t - t - 3*t + 4 + t. Determine c(n).
4
Let m = -7 + 2. Let q(i) = -i**2 + i - 5*i + 0*i**2 + i. Give q(m).
-10
Let l(w) = w**3 + 5*w**2 + 5*w + 4. Suppose -5*r - 2*f + 27 = 0, r - f + 0 = 4. Suppose -r*m + m = 16. What is l(m)?
0
Let k(s) = -1 + 10 - 1 - 5 + 10*s. Calculate k(-2).
-17
Let y be (-6)/14 - 248/(-56). Let v(z) = z**3 + 3*z**2 + 3 - 3*z - 5*z**2 - z**2. Give v(y).
7
Suppose -3*s = -3*u - 30, -3*u - 20 = -0*u + 2*s. Let r = u - -9. Let f(m) = m - m + 5*m**2. Determine f(r).
5
Let h be -2*(1 + 3/(-2)). Let w(d) = -2*d - h - 2*d + d. Determine w(1).
-4
Let p(f) = 18*f**3 + f + 21. Let k(m) = 9*m**3 + 10. Let j(t) = -13*k(t) + 6*p(t). Let x(b) = -b**3 + b - 1. Let u(v) = j(v) - 5*x(v). Determine u(-1).
4
Let g(o) = -15*o**2 - 5*o - 1. Let k(r) = -29*r**2 - 9*r - 2. Suppose -4 - 2 = -2*w. Let q(j) = w*k(j) - 5*g(j). Give q(-1).
-11
Let l(c) = -8*c**2 + c. Let x(g) be the first derivative of g**3/3 + 2*g**2 + 5*g - 3. Let p be x(-2). Calculate l(p).
-7
Let x = 35 + -27. Let b(l) = l**3 - 8*l**2 - l - 2. Give b(x).
-10
Let f(y) = -6*y - 1. Suppose 0 = z - 6 + 7. Calculate f(z).
5
Let q(z) = -z + 3. Let k be q(5). Let n(d) = -d**2 - 3*d - 1. What is n(k)?
1
Let s(x) = -x**2 - x - 1. Let r(d) = -4*d**2 - 10*d - 3. Let i(t) = r(t) - 3*s(t). Calculate i(-8).
-8
Let z(j) = -1. Let h(w) = -7*w - 4. Let y(d) = -h(d) + 4*z(d). Let n(k) = k**2 + 7*k - 1. Let f be n(-7). Let a = 2 + f. Determine y(a).
7
Let z be (0 - (-6)/(-8))*-4. Let n(g) = 3*g - 3. Calculate n(z).
6
Let w(h) = -h**3 - 5*h**2 - 2*h + 4. Suppose 0 = 5*l + 2*d - 50, -4*l = 5*d - 0*d - 57. Let b be 12/(2 - -2) - l. What is w(b)?
14
Let x = -4 + 1. Let k = -10 - -14. Let u(j) = 1 - 1 + 3 - j - k. What is u(x)?
2
Let a(s) = 3*s**3 - s**2 + 1. Let b be (-1 - 2/4)*22/(-33). What is a(b)?
3
Let r(b) = 12 + b**3 + 3*b - 56*b**2 + 32*b**2 - 2*b + 23*b**2. Give r(0).
12
Let c be ((-3)/9)/((-1)/6). Let s(v) = v**c - 3*v - 3 + 2 + 3*v + 2*v. What is s(-4)?
7
Suppose 3*o - 27 = 2*k + 3*k, 0 = 5*o - 20. Let u(s) = -s. Let f(l) = 5*l - 4. Let d(w) = -f(w) - 4*u(w). What is d(k)?
7
Let w(k) = -k + 5. Let s be w(3). Suppose -5*r + s*r = 15. Let l(p) = p**3 + 5*p**2 + p + 1. Give l(r).
-4
Let q(c) be the first derivative of -c**2 + 2*c + 3. Let d be q(0). Let g(h) = 4*h**2 - 2. What is g(d)?
14
Let f(r) be the third derivative of 0 + 0*r + 1/60*r**5 - 2/3*r**3 - 7/24*r**4 - 4*r**2. Give f(7).
-4
Let y(s) = -12 + 2 + 6 - 6*s + 8. Suppose -j + 5*g + 31 = j, -j + 23 = -4*g. Determine y(j).
-14
Suppose 4*w = 5*p + 23 + 25, -4*w - 4*p + 48 = 0. Let k = -6 + w. Let v(z) = 0*z**2 - 7 - z**2 + k*z + 2*z. Determine v(5).
8
Let k(w) = 4*w + 1. Let p be (-3 - -15)/3 - (-1)/1. Give k(p).
21
Let h(s) = -s**2 - s - 1. Let c(y) = -y**2 - 1. Let o(m) = -4*c(m) + 5*h(m). Let p(q) = -q**2 - 8*q - 9. Let d be p(-7). Give o(d).
5
Let g(l) = -3*l**3 - l + 3. Let s(m) = 5*m**3 + 2*m - 5. Let b(w) = -7*g(w) - 4*s(w). Suppose 5*j + 38 = -n + 16, j = -5*n - 14. What is b(n)?
-7
Let b(k) be the third derivative of -k**6/120 + k**5/12 - k**4/24 - 2*k**3/3 + 6*k**2. Give b(4).
8
Suppose 11 + 4 = 3*z - 3*j, -2 = 2*j. Let i(n) be the third derivative of -2/3*n**3 - 2*n**2 + 0 + 1/120*n**6 - 1/12*n**5 + 1/4*n**4 + 0*n. Give i(z).
4
Let b(q) = -q + 3. Suppose 0 = 5*k + 25, -4*u - 3*k = 5 - 2. Let g = 8 - u. Give b(g).
-2
Let v(q) be the second derivative of -q**3/6 + 15*q**2/2 + 28*q. Give v(8).
7
Let f(h) be the first derivative of h**2/2 - 4*h - 17. What is f(-7)?
-11
Let x be -3*(0 - 2/3). Suppose 0 = -y - x + 5. Let c(z) = z**3 - 3*z**2 - z + 2. Give c(y).
-1
Let w be -1 + 3 + -4 + 0/3. Suppose 2*h = -10, -m - 12 = 3*m + 4*h. Let a be (w + m)/(-1 - 0). Let c(q) = -q**3 - q**2 + 3. Determine c(a).
3
Let i(l) = -l**2 - 5*l - 4. Let m(s) = s**2 - 4*s - 1. Let p be m(3). Let o be i(p). Let d(a) = o*a - 3 + a - 3*a + a. Determine d(-3).
0
Suppose -3*l = l - 36. Let j = l - 5. Let u(a) = 0*a**2 + a + a**2 - 6*a. Calculate u(j).
-4
Let y(o) = -7*o**2 + 5*o + o**3 - 2*o**2 + 4*o**2 + 3. What is y(4)?
7
Suppose -20 = 3*d + 5*n, -d - n = n + 7. Let i(w) = w + 1. What is i(d)?
-4
Let h(z) = 3*z + 35. Let q be h(-10). Let s(y) be the first derivative of y**4/4 - 2*y**3 + 3*y**2/2 + 6*y + 1. Calculate s(q).
-4
Let o(l) = l - 7. Suppose 15 - 9 = r. What is o(r)?
-1
Let y(z) = -z**2 + 4*z + 7. Let a be y(5). Let n(d) = -2*d - 1. Let v(c) = c. Let w(x) = -n(x) - 3*v(x). Give w(a).
-1
Suppose -7*a - 16 = -3*a. Let s(k) = -5*k - 2. What is s(a)?
18
Let b = -13 + 9. Let n(d) = d**3 + 3*d**2 - 6*d - 1. Let f be n(b). Let q be (2 - f)*(-2)/(-5). Let j(k) = k**3 + 2*k**2 - k - 1. Give j(q).
1
Let y(u) = -3*u - 3. Let n(m) = 2*m + 2. Let p(z) = 4*n(z) + 3*y(z). Let c(h) = -h**2 + 7*h + 3. Let d(o) = -c(o) - 4*p(o). Calculate d(5).
11
Let r(o) = o**3 + 9*o**2 - 7*o - 2. Let u(c) = c**2. Let a(y) = -r(y) + 3*u(y). Let z = 12 - 19. Calculate a(z).
2
Let s(k) be the second derivative of 2*k**3/3 + 2*k**2 - 12*k. Determine s(-5